, 3, 263, 4549
List the prime factors of 991249.
7, 19, 29, 257
What are the prime factors of 941901?
3, 61, 5147
List the prime factors of 1582941.
3, 503, 1049
What are the prime factors of 2107801?
1009, 2089
What are the prime factors of 3210744?
2, 3, 133781
List the prime factors of 2676759.
3, 892253
What are the prime factors of 130442?
2, 13, 29, 173
What are the prime factors of 94623?
3, 31541
List the prime factors of 894534.
2, 3, 29, 53, 97
What are the prime factors of 647953?
647953
What are the prime factors of 297163?
29, 10247
List the prime factors of 3059743.
53, 57731
List the prime factors of 1866010.
2, 5, 186601
List the prime factors of 134597.
134597
List the prime factors of 2791185.
3, 5, 317, 587
What are the prime factors of 2773475?
5, 110939
What are the prime factors of 252580?
2, 5, 73, 173
What are the prime factors of 476636?
2, 119159
List the prime factors of 948524.
2, 83, 2857
List the prime factors of 13072912.
2, 19, 43003
What are the prime factors of 2909807?
79, 36833
What are the prime factors of 436847?
389, 1123
What are the prime factors of 5186780?
2, 5, 259339
What are the prime factors of 3842729?
11, 31, 59, 191
List the prime factors of 447026.
2, 101, 2213
List the prime factors of 401327.
23, 17449
List the prime factors of 1170783.
3, 130087
List the prime factors of 1086369.
3, 29, 12487
What are the prime factors of 200880?
2, 3, 5, 31
What are the prime factors of 749508?
2, 3, 62459
What are the prime factors of 524603?
17, 30859
List the prime factors of 4115403.
3, 457267
List the prime factors of 355358.
2, 177679
What are the prime factors of 945291?
3, 315097
What are the prime factors of 728348?
2, 17, 10711
What are the prime factors of 6332913?
3, 703657
List the prime factors of 686793.
3, 19, 12049
What are the prime factors of 26227903?
13, 131, 15401
What are the prime factors of 206957?
349, 593
List the prime factors of 3881742.
2, 3, 646957
List the prime factors of 1334547.
3, 79, 1877
List the prime factors of 5310920.
2, 5, 31, 4283
What are the prime factors of 2530084?
2, 632521
What are the prime factors of 9930311?
9930311
List the prime factors of 603184.
2, 37699
List the prime factors of 207802.
2, 7, 14843
List the prime factors of 851690.
2, 5, 7, 23
What are the prime factors of 166524?
2, 3, 13877
List the prime factors of 1073774.
2, 13, 41299
What are the prime factors of 68415?
3, 5, 4561
List the prime factors of 2277328.
2, 317, 449
List the prime factors of 191761.
113, 1697
What are the prime factors of 56611?
56611
What are the prime factors of 1639764?
2, 3, 7, 241
List the prime factors of 252861.
3, 7, 12041
List the prime factors of 59994.
2, 3, 11, 101
List the prime factors of 250260.
2, 3, 5, 43, 97
List the prime factors of 33271.
7, 97
List the prime factors of 440180.
2, 5, 13, 1693
What are the prime factors of 311813?
79, 3947
List the prime factors of 507696.
2, 3, 7, 1511
What are the prime factors of 14743625?
5, 13, 43, 211
What are the prime factors of 10231068?
2, 3, 852589
List the prime factors of 1916201.
7, 457, 599
List the prime factors of 1390933.
19, 3853
What are the prime factors of 890584?
2, 111323
What are the prime factors of 241609?
307, 787
List the prime factors of 5818.
2, 2909
List the prime factors of 3232515.
3, 5, 11, 13, 137
List the prime factors of 275589.
3, 59, 173
List the prime factors of 2071709.
71, 29179
List the prime factors of 4874107.
7, 199, 3499
What are the prime factors of 48021?
3, 16007
What are the prime factors of 3488273?
3488273
List the prime factors of 717580.
2, 5, 35879
What are the prime factors of 16672491?
3, 11, 168409
What are the prime factors of 95971?
95971
What are the prime factors of 6252855?
3, 5, 7, 17, 31, 113
List the prime factors of 25758671.
25758671
What are the prime factors of 6603394?
2, 7, 471671
What are the prime factors of 66470?
2, 5, 17, 23
List the prime factors of 463409.
163, 2843
What are the prime factors of 12702389?
7, 277, 6551
What are the prime factors of 10436679?
3, 11, 47, 2243
List the prime factors of 24276991.
257, 94463
What are the prime factors of 7657929?
3, 181, 1567
What are the prime factors of 5707118?
2, 41, 79, 881
List the prime factors of 14030138.
2, 23, 89, 149
What are the prime factors of 99899?
283, 353
What are the prime factors of 186404?
2, 46601
What are the prime factors of 1125597?
3, 11, 23, 1483
List the prime factors of 13291225.
5, 59, 9011
What are the prime factors of 6430103?
1571, 4093
What are the prime factors of 997497?
3, 137, 809
What are the prime factors of 226354?
2, 113177
What are the prime factors of 3003056?
2, 7, 26813
What are the prime factors of 174453?
3, 58151
What are the prime factors of 25789548?
2, 3, 1297, 1657
What are the prime factors of 127584?
2, 3, 443
What are the prime factors of 153887?
153887
List the prime factors of 189543.
3, 23, 41, 67
List the prime factors of 213909.
3, 113, 631
List the prime factors of 226208.
2, 7069
What are the prime factors of 611031?
3, 17, 11981
What are the prime factors of 191330?
2, 5, 19, 53
List the prime factors of 3771569.
17, 61, 3637
What are the prime factors of 3699436?
2, 13, 71143
What are the prime factors of 27703524?
2, 3, 43, 53, 1013
What are the prime factors of 1667050?
2, 5, 7, 11, 433
List the prime factors of 14720335.
5, 7, 60083
List the prime factors of 3772485.
3, 5, 83833
What are the prime factors of 9672852?
2, 3, 7, 115153
What are the prime factors of 384303?
3, 53, 2417
List the prime factors of 361208.
2, 163, 277
List the prime factors of 340347.
3, 7, 19, 853
List the prime factors of 16052527.
619, 25933
What are the prime factors of 3781511?
37, 102203
List the prime factors of 836736.
2, 3, 2179
List the prime factors of 100928.
2, 19, 83
List the prime factors of 3491948.
2, 29, 30103
What are the prime factors of 100284?
2, 3, 61, 137
List the prime factors of 237697.
251, 947
What are the prime factors of 2336379?
3, 778793
List the prime factors of 73228.
2, 18307
List the prime factors of 4500184.
2, 13, 43271
What are the prime factors of 1745775?
3, 5, 7759
What are the prime factors of 269488?
2, 16843
What are the prime factors of 18619960?
2, 5, 53, 8783
List the prime factors of 1299221.
7, 11, 47, 359
List the prime factors of 3337150.
2, 5, 31, 2153
What are the prime factors of 1053676?
2, 13, 23, 881
List the prime factors of 455208.
2, 3, 13, 1459
What are the prime factors of 5657161?
139, 40699
What are the prime factors of 6117931?
23, 461, 577
List the prime factors of 235590.
2, 3, 5, 7853
List the prime factors of 13689979.
751, 18229
List the prime factors of 5380603.
5380603
What are the prime factors of 533625?
3, 5, 1423
What are the prime factors of 152128?
2, 2377
List the prime factors of 53939.
53939
List the prime factors of 343613.
43, 61, 131
What are the prime factors of 230288?
2, 37, 389
What are the prime factors of 86384?
2, 5399
List the prime factors of 120718.
2, 13, 4643
What are the prime factors of 590770?
2, 5, 59077
What are the prime factors of 3348517?
167, 20051
List the prime factors of 132886.
2, 13, 19, 269
What are the prime factors of 1489206?
2, 3, 248201
What are the prime factors of 26604325?
5, 11, 89, 1087
List the prime factors of 18727291.
11, 37, 47, 89
What are the prime factors of 7651664?
2, 103, 4643
List the prime factors of 31473522.
2, 3, 23, 8447
What are the prime factors of 7378776?
2, 3, 59, 193
List the prime factors of 50971.
50971
What are the prime factors of 28430222?
2, 17, 836183
What are the prime factors of 30286792?
2, 17, 43, 5179
What are the prime factors of 1330542?
2, 3, 193, 383
List the prime factors of 521408.
2, 8147
What are the prime factors of 1883463?
3, 29, 21649
What are the prime factors of 3434210?
2, 5, 13, 26417
List the prime factors of 28901.
28901
List the prime factors of 83706.
2, 3, 7, 1993
List the prime factors of 4079702.
2, 11, 185441
What are the prime factors of 37070925?
3, 5, 281, 1759
List the prime factors of 615360.
2, 3, 5, 641
What are the prime factors of 6360184?
2, 795023
What are the prime factors of 2066581?
11, 187871
What are the prime factors of 11835?
3, 5, 263
What are th